-222223320 (base 4) to base 7
-1325511
Convert 8180 (base 15) to base 11.
195aa
100010111100100101100 (base 2) to base 13
3112c1
Convert 41032 (base 7) to base 4.
2123302
What is -1212222220121 (base 3) in base 4?
-3311003320
Convert -2957481 (base 11) to base 8.
-23271334
-66456552 (base 7) to base 14
-a91a29
Convert -10612310 (base 7) to base 11.
-583a37
Convert 76dbd (base 16) to base 7.
4065242
-19669 (base 12) to base 2
-1001000101110001
Convert -1b3a9 (base 12) to base 7.
-225336
Convert -6d97a9 (base 14) to base 5.
-1430040234
110211120110 (base 3) to base 9
424513
What is 35266236 (base 8) in base 15?
a20248
1835062 (base 10) to base 9
3406207
What is -222112011203 (base 4) in base 5?
-10320204030
Convert -3c54a (base 14) to base 5.
-14233342
Convert -832488 (base 16) to base 5.
-4200011233
Convert 200202201010 (base 3) to base 4.
1122023232
Convert 30022001330 (base 4) to base 7.
36041666
181078e (base 15) to base 16
10b4d87
-2111112020101 (base 3) to base 16
-1447f3
What is 23256600 (base 7) in base 14?
3b4500
25547c (base 13) to base 9
1616588
Convert 1001001000101010111 (base 2) to base 7.
2354513
What is -24123203 (base 5) in base 3?
-102100122202
120201222100201 (base 3) to base 12
29748b4
254903 (base 11) to base 12
17458b
What is -754ba0 (base 12) in base 8?
-7045250
Convert 111110000101 (base 2) to base 13.
1a68
Convert -643604 (base 7) to base 5.
-12034043
Convert 3c5f (base 16) to base 3.
210012102
-424814 (base 9) to base 11
-163005
Convert -121230 (base 9) to base 4.
-101312001
Convert 13101 (base 12) to base 6.
320401
20771 (base 16) to base 14
36665
Convert -1398552 (base 13) to base 10.
-6216225
What is 11286b (base 14) in base 4?
2032123133
What is -24511302 (base 6) in base 8?
-3001066
What is -6b590 (base 14) in base 16?
-3fe9a
Convert 6251403 (base 7) to base 13.
204405
Convert -7b9340 (base 13) to base 7.
-33635431
-37160 (base 11) to base 8
-150263
557422 (base 8) to base 15
3ab53
Convert -37cb0a (base 13) to base 4.
-11013221113
What is 368a7 (base 11) in base 6?
1045202
-100022201110 (base 3) to base 10
-183504
Convert 527655 (base 9) to base 7.
2445320
Convert 141285 (base 9) to base 4.
111003311
Convert 9a628 (base 11) to base 10.
145835
Convert bbc0a (base 16) to base 14.
160390
What is 10301461 (base 7) in base 9?
1572577
What is 30769 (base 14) in base 15?
248ad
What is -111020 (base 3) in base 10?
-357
Convert -1293b00 (base 14) to base 4.
-202023310210
What is -20103330 (base 6) in base 12?
-234b46
What is 1982015 (base 11) in base 10?
3340826
What is 20323444 (base 6) in base 11?
370804
Convert 3247808 (base 9) to base 12.
701608
-133043432 (base 6) to base 13
-72426b
Convert -10110011110101010 (base 2) to base 7.
-532303
37072 (base 11) to base 2
1101000001000111
What is 1623082 (base 10) in base 7?
16540006
What is 11324230331 (base 5) in base 2?
110010000010100010010111
Convert -111110111000110010 (base 2) to base 16.
-3ee32
What is -1197022 (base 10) in base 12?
-49887a
Convert -696a5 (base 11) to base 3.
-12010002101
What is 127a33 (base 13) in base 7?
3533624
223034020 (base 6) to base 14
77adc0
What is -b9b035 (base 12) in base 11?
-172aa96
What is -1a7a34 (base 12) in base 14?
-c32ac
What is 152242355 (base 6) in base 4?
30023300333
Convert 916457 (base 13) to base 15.
46ca88
What is 5611632 (base 7) in base 12?
294670
-4c80c5 (base 13) to base 6
-103320345
1010133100 (base 4) to base 11
181846
Convert -100212212012 (base 3) to base 5.
-22211130
What is 1be61 (base 16) in base 13?
40023
What is -80b4b9 (base 14) in base 3?
-22011011202021
-60b818 (base 12) to base 9
-2755612
Convert 1262522 (base 7) to base 11.
1041aa
-762284 (base 9) to base 15
-8e98a
-132322220 (base 5) to base 10
-667185
35b00 (base 15) to base 10
171225
What is 169162 (base 10) in base 9?
277037
Convert 101110100110100001000 (base 2) to base 9.
2776640
Convert 3807f (base 16) to base 8.
700177
Convert -1101010001001011 (base 2) to base 5.
-3214342
Convert 1000010001001001011000 (base 2) to base 10.
2167384
2022021002202 (base 3) to base 9
2267082
-16a349 (base 12) to base 2
-1011111011101101001
Convert -115612404 (base 7) to base 12.
-2531466
950288 (base 10) to base 8
3500020
Convert 9684a (base 12) to base 15.
3dad7
Convert -42010063 (base 7) to base 10.
-3531916
What is 66574 (base 12) in base 5?
13314332
98725 (base 11) to base 15
2c6cb
What is -10301004 (base 5) in base 9?
-143175
Convert 14333244 (base 5) to base 3.
21201221122
Convert 332310022122 (base 4) to base 14.
2288d2a
What is 1000111101110100100 (base 2) in base 16?
47ba4
Convert -1a61d (base 14) to base 3.
-10101222200
What is -2311132 (base 4) in base 3?
-120221011
What is 83c860 (base 13) in base 4?
23300320231
Convert -8064664 (base 9) to base 15.
-59c604
e134 (base 16) to base 11
3a351
-1628702 (base 10) to base 14
-30579c
What is -455968 (base 10) in base 2?
-1101111010100100000
-121043 (base 13) to base 5
-102240132
What is 351037 (base 8) in base 12?
5907b
-64103445 (base 7) to base 11
-3079640
1356341 (base 7) to base 13
64c9a
What is 1442424022 (base 5) in base 11?
2206359
What is 107479 (base 10) in base 5?
11414404
-379938 (base 14) to base 8
-7220236
What is -2303001033 (base 5) in base 3?
-100122101101010
Convert -22362062 (base 8) to base 11.
-2808305
-32c4a1 (base 13) to base 8
-4444134
-10101012012022 (base 3) to base 11
-1016625
2342021013 (base 5) to base 15
721d58
1a52a4 (base 11) to base 10
314472
Convert 9ba932 (base 12) to base 7.
30063251
Convert -5374718 (base 11) to base 6.
-534312151
Convert -65b469 (base 12) to base 4.
-12022213101
-13234130 (base 5) to base 11
-91474
What is -130625 (base 8) in base 7?
-246353
Convert -27439 (base 10) to base 15.
-81e4
15558b4 (base 12) to base 6
233033544
Convert -21608 (base 12) to base 8.
-126050
Convert -27497a (base 11) to base 13.
-1212a9
Convert -343cc (base 13) to base 11.
-65537
Convert -b2675 (base 12) to base 10.
-232505
What is 5167304 (base 10) in base 7?
61631012
What is 229558 (base 11) in base 4?
1120313333
What is 5773331 (base 8) in base 4?
11333123121
-155615 (base 9) to base 10
-95999
Convert 31520412 (base 6) to base 11.
584317
61c99 (base 14) to base 13
833ab
-1860774 (base 9) to base 8
-3766571
Convert 100111101100111101 (base 2) to base 11.
1011a8
110010010011011000100 (base 2) to base 7
20003416
What is -78155 (base 11) in base 6?
-2232340
-1012111133 (base 4) to base 11
-1874a5
Convert -1014302 (base 8) to base 11.
-173795
a8b4c (base 16) to base 12
293a90
Convert -13154513 (base 6) to base 14.
-b4869
-322112 (base 7) to base 2
-1101101010011111
What is -22110100202122 (base 3) in base 16?
-4495fa
-1beccd (base 16) to base 5
-432030333
6395036 (base 10) to base 8
30312234
What is -11432177 (base 8) in base 14?
-492675
What is -55b45 (base 14) in base 11?
-132317
What is -3710464 (base 8) in base 6?
-33511112
Convert -321a4 (base 13) to base 10.
-90380
Convert -312312332 (base 4) to base 15.
-468a2
What is -1011111000001111001 (base 2) in base 12?
-169309
Convert 121010120100 (base 3) to base 14.
83a09
Convert 11100001011101110101 (base 2) to base 4.
3201131311
What is 11431004 (base 10) in base 4?
223212301130
What is 25a45d (base 15) in base 3?
10101210012121
What is -20315434 (base 6) in base 15?
-b8847
What is -12ad15 (base 14) in base 16?
-9d637
What is -2c3a97 (base 16) in base 4?
-23003222113
What is 103565200 (base 7) in base 11?
356774a
Convert 210210121201 (base 3) to base 2.
1101000110000101111
Convert -110111010110000100110 (base 2) to base 14.
-352caa
What is -b3a219 (base 13) in base 9?
-7788600
28653 (base 12) to base 11
39272
What is 310023303 (base 4) in base 2?
110100001011110011
23b98 (base 16) to base 7
1146420
What is -2261c (base 15) in base 14?
-2bc09
What is -1172cd (base 14) in base 2?
-10010001100000110101
4146051 (base 7) to base 14
cdc61
What is -256770 (base 12) in base 14?
-11d47a
Convert 220330111 (base 4) to base 11.
104aa6
Convert 10334140233 (base 5) to base 7.
164352610
What is -3574152 (base 8) in base 2?
-11101111100001101010
a1b0f (base 16) to base 2
10100001101100001111
Convert 10033132 (base 7) to base 12.
341487
Convert -1100011100100100001 (base 2) to base 5.
-101022331
74543 (base 11) to base 5
11432323
Convert 11450421 (base 6